10 is divided by 7.
3
What is the remainder when 1043 is divided by 29?
28
What is the remainder when 180 is divided by 8?
4
What is the remainder when 191 is divided by 48?
47
Calculate the remainder when 879 is divided by 7.
4
Calculate the remainder when 607 is divided by 546.
61
What is the remainder when 203 is divided by 73?
57
What is the remainder when 1230 is divided by 16?
14
Calculate the remainder when 2182 is divided by 1084.
14
What is the remainder when 1041 is divided by 286?
183
What is the remainder when 131 is divided by 43?
2
Calculate the remainder when 285 is divided by 96.
93
Calculate the remainder when 914 is divided by 290.
44
Calculate the remainder when 2715 is divided by 9.
6
Calculate the remainder when 3752 is divided by 22.
12
What is the remainder when 262 is divided by 83?
13
What is the remainder when 724 is divided by 156?
100
What is the remainder when 139 is divided by 16?
11
Calculate the remainder when 1448 is divided by 63.
62
Calculate the remainder when 405 is divided by 58.
57
What is the remainder when 178 is divided by 14?
10
What is the remainder when 159 is divided by 9?
6
Calculate the remainder when 3360 is divided by 82.
80
Calculate the remainder when 159 is divided by 80.
79
Calculate the remainder when 144 is divided by 31.
20
What is the remainder when 125 is divided by 26?
21
What is the remainder when 238 is divided by 60?
58
Calculate the remainder when 521 is divided by 501.
20
Calculate the remainder when 4822 is divided by 71.
65
What is the remainder when 1859 is divided by 9?
5
Calculate the remainder when 3412 is divided by 95.
87
What is the remainder when 98 is divided by 25?
23
Calculate the remainder when 269 is divided by 32.
13
Calculate the remainder when 551 is divided by 92.
91
What is the remainder when 451 is divided by 16?
3
What is the remainder when 104 is divided by 47?
10
What is the remainder when 1704 is divided by 31?
30
Calculate the remainder when 649 is divided by 65.
64
Calculate the remainder when 170 is divided by 6.
2
What is the remainder when 185 is divided by 42?
17
Calculate the remainder when 448 is divided by 239.
209
Calculate the remainder when 257 is divided by 31.
9
Calculate the remainder when 576 is divided by 192.
0
What is the remainder when 136 is divided by 67?
2
Calculate the remainder when 9098 is divided by 65.
63
Calculate the remainder when 277 is divided by 136.
5
Calculate the remainder when 1085 is divided by 11.
7
What is the remainder when 1820 is divided by 28?
0
Calculate the remainder when 2538 is divided by 4.
2
Calculate the remainder when 1620 is divided by 31.
8
Calculate the remainder when 657 is divided by 30.
27
What is the remainder when 268 is divided by 242?
26
What is the remainder when 4321 is divided by 103?
98
Calculate the remainder when 3004 is divided by 86.
80
What is the remainder when 132 is divided by 6?
0
Calculate the remainder when 53 is divided by 14.
11
What is the remainder when 467 is divided by 143?
38
Calculate the remainder when 1377 is divided by 243.
162
What is the remainder when 26464 is divided by 133?
130
What is the remainder when 6063 is divided by 65?
18
Calculate the remainder when 185 is divided by 32.
25
Calculate the remainder when 1454 is divided by 31.
28
Calculate the remainder when 2938 is divided by 105.
103
Calculate the remainder when 3304 is divided by 157.
7
What is the remainder when 391 is divided by 117?
40
Calculate the remainder when 26 is divided by 2.
0
What is the remainder when 163 is divided by 82?
81
What is the remainder when 117 is divided by 10?
7
Calculate the remainder when 260 is divided by 158.
102
Calculate the remainder when 1184 is divided by 87.
53
What is the remainder when 555 is divided by 146?
117
What is the remainder when 336 is divided by 45?
21
Calculate the remainder when 755 is divided by 368.
19
Calculate the remainder when 195 is divided by 17.
8
What is the remainder when 660 is divided by 164?
4
What is the remainder when 175 is divided by 15?
10
What is the remainder when 59 is divided by 23?
13
Calculate the remainder when 615 is divided by 73.
31
What is the remainder when 132 is divided by 53?
26
What is the remainder when 3491 is divided by 18?
17
What is the remainder when 234 is divided by 68?
30
Calculate the remainder when 50 is divided by 4.
2
What is the remainder when 652 is divided by 164?
160
What is the remainder when 248 is divided by 50?
48
What is the remainder when 494 is divided by 225?
44
What is the remainder when 2018 is divided by 22?
16
What is the remainder when 175 is divided by 93?
82
What is the remainder when 754 is divided by 57?
13
Calculate the remainder when 216 is divided by 132.
84
Calculate the remainder when 78 is divided by 7.
1
Calculate the remainder when 2103 is divided by 9.
6
What is the remainder when 2504 is divided by 66?
62
What is the remainder when 715 is divided by 36?
31
Calculate the remainder when 461 is divided by 7.
6
Calculate the remainder when 6323 is divided by 30.
23
Calculate the remainder when 771 is divided by 10.
1
Calculate the remainder when 271 is divided by 82.
25
What is the remainder when 4016 is divided by 82?
80
Calculate the remainder when 2918 is divided by 17.
11
Calculate the remainder when 219 is divided by 60.
39
What is the remainder when 191 is divided by 94?
3
What is the remainder when 40 is divided by 27?
13
What is the remainder when 93 is divided by 33?
27
What is the remainder when 55 is divided by 19?
17
Calculate the remainder when 14 is divided by 6.
2
Calculate the remainder when 117 is divided by 62.
55
Calculate the remainder when 364 is divided by 46.
42
What is the remainder when 4912 is divided by 289?
288
Calculate the remainder when 2071 is divided by 33.
25
What is the remainder when 145 is divided by 37?
34
What is the remainder when 989 is divided by 15?
14
What is the remainder when 9732 is divided by 13?
8
What is the remainder when 59 is divided by 12?
11
What is the remainder when 4492 is divided by 4?
0
Calculate the remainder when 614 is divided by 590.
24
Calculate the remainder when 85 is divided by 41.
3
Calculate the remainder when 86 is divided by 15.
11
Calculate the remainder when 338 is divided by 57.
53
Calculate the remainder when 7333 is divided by 9.
7
Calculate the remainder when 6215 is divided by 3101.
13
What is the remainder when 5505 is divided by 30?
15
What is the remainder when 353 is divided by 170?
13
What is the remainder when 334 is divided by 76?
30
Calculate the remainder when 282 is divided by 133.
16
What is the remainder when 188 is divided by 61?
5
What is the remainder when 234 is divided by 79?
76
Calculate the remainder when 131 is divided by 39.
14
What is the remainder when 1356 is divided by 14?
12
What is the remainder when 131 is divided by 38?
17
Calculate the remainder when 51 is divided by 7.
2
What is the remainder when 1049 is divided by 53?
42
What is the remainder when 31 is divided by 8?
7
What is the remainder when 182 is divided by 22?
6
What is the remainder when 1385 is divided by 18?
17
What is the remainder when 4558 is divided by 27?
22
What is the remainder when 5859 is divided by 51?
45
What is the remainder when 477 is divided by 172?
133
What is the remainder when 1139 is divided by 37?
29
What is the remainder when 30 is divided by 9?
3
What is the remainder when 1087 is divided by 8?
7
Calculate the remainder when 5747 is divided by 87.
5
What is the remainder when 22059 is divided by 13?
11
What is the remainder when 1405 is divided by 467?
4
Calculate the remainder when 1193 is divided by 60.
53
What is the remainder when 346 is divided by 111?
13
Calculate the remainder when 41 is divided by 30.
11
Calculate the remainder when 381 is divided by 48.
45
What is the remainder when 4911 is divided by 117?
114
Calculate the remainder when 2652 is divided by 176.
12
Calculate the remainder when 3232 is divided by 53.
52
What is the remainder when 34 is divided by 6?
4
Calculate the remainder when 188 is divided by 19.
17
What is the remainder when 29627 is divided by 83?
79
Calculate the remainder when 1811 is divided by 63.
47
Calculate the remainder when 4746 is divided b